3*t - 13. Let g be m(-11). Let w be -2438*(g - 152/16). What is the greatest common factor of 23 and w?
23
Suppose -65*t + 97*t - 427 = 277. Calculate the highest common factor of 3355 and t.
11
Let q = 1942 - -2048. What is the greatest common divisor of 1470 and q?
210
Let g(l) = 2*l**2 + 8*l - 3. Let r be g(-6). Suppose 2*b - 19 = i, -4300*i + 4304*i - 36 = 0. What is the greatest common divisor of b and r?
7
Suppose -66*b + 100*b - 3910 = 0. Calculate the highest common divisor of 184 and b.
23
Suppose 5*c - 37 + 7 = 0. Suppose -c*w - 882 = -13*w. Let q(g) = -6*g + 134. Let z be q(20). Calculate the highest common factor of z and w.
14
Suppose 13*x - 1720 + 693 = 0. Calculate the greatest common factor of x and 79.
79
Suppose 0 = 23*f + 1681 + 8692. Let j = -226 - f. Calculate the greatest common divisor of 135 and j.
45
Suppose -2*l - 3*h = -9, -h + 6 = -l + 3. Suppose -k + 8 = -2*n - 9, l = -k + 5*n + 17. Calculate the greatest common factor of 119 and k.
17
Let x = 1494 + -1185. What is the highest common factor of x and 15?
3
Suppose -3*w = 6*h - 2145 + 348, 5*w = 2*h - 593. What is the highest common divisor of 195 and h?
13
Let j be 140*((-12 - -11) + (-12)/(-6)). Suppose -4*q = -9*q. Suppose 6*s - 7*s + 5*x + j = q, s = 3*x + 132. What is the greatest common divisor of 48 and s?
24
Suppose 4*a - y - 32 = 0, -2*a + 2*y = 3*a - 43. Suppose -a*o + 8222 - 1313 = 0. Calculate the greatest common factor of o and 21.
21
Let s be (-124)/32 - (-6)/(-48). Let o be (-1)/(-4) - (2499/s + -4). What is the highest common factor of o and 34?
17
Let d = -12818 - -12828. What is the greatest common divisor of 2930 and d?
10
Suppose -1 = 9*f - 19. Let c be f*(1/3)/((-4)/(-168)). Calculate the greatest common factor of 84 and c.
28
Let v be (-4 - -472)/(8 + 111/(-14)). What is the greatest common factor of 36 and v?
36
Let f(x) = -x**2 - 8*x. Let c be f(-8). Suppose -6*b + 12*b - 216 = c. Let t be (3/6)/((-1)/2) + b. What is the highest common factor of t and 245?
35
Let v = 6536 - 5536. What is the greatest common divisor of v and 75?
25
Let r = 19 - 9. Let j(y) = -y**3 - 16*y**2 + 15*y - 33. Let h be j(-17). Let l be h + 1 - (-4 - (73 + 1)). Calculate the highest common factor of l and r.
10
Suppose 4*t - 107 + 31 = 0. Suppose -3*h = h + 4*z - 924, 0 = 5*h - 2*z - 1134. Suppose 0*n - h = -3*n. What is the greatest common divisor of t and n?
19
Suppose 0 = 5*i + 30 - 60. Let y = -231 - -237. Calculate the highest common divisor of i and y.
6
Let c(z) be the second derivative of -13*z**3/3 - z**2 - z. Let h be 1 - 3 - 3/(6/14). Let m be c(h). What is the greatest common divisor of m and 29?
29
Suppose 24 - 65 = -2*p + v, -2*v + 72 = 3*p. Suppose 0 = 4*n + 4*h - 212, -4*n = -20*h + p*h - 206. Calculate the highest common factor of 2 and n.
2
Suppose -2*y - 527 + 563 = 0. What is the greatest common factor of y and 243?
9
Suppose 12 = -4*z + 12. Suppose -10*h + 38 - 8 = z. Suppose -h*i + 2*i + 5*k = -28, 5*i = 4*k + 161. Calculate the highest common factor of 88 and i.
11
Let s be 1 - (0 - 0/(-1)). Let u = s - -17. Suppose -3321*z = -3326*z + 30. What is the greatest common divisor of z and u?
6
Let o be (3/2)/(-6*2/16). Let w be 3/(5/(-40)*o). Suppose 4*d - 22 = 26. What is the highest common divisor of w and d?
12
Suppose -15*f = -18*f + 1248. Let s = 181 - f. Let y = 345 + s. What is the highest common factor of 22 and y?
22
Let t(x) = 136*x**2 + 5*x + 1. Let a be t(-1). Calculate the greatest common divisor of a and 858.
66
Suppose 9*k - 20*k + 352 = 0. Suppose -2*r = -k - 14. Suppose -50 - 111 = -t. What is the greatest common factor of t and r?
23
Suppose 0 = -16*j + 599 + 697. Let u = j - 49. Calculate the greatest common divisor of u and 128.
32
Suppose 4*v - 4*p = 6864, 6*v - 4*v = -5*p + 3404. Calculate the greatest common divisor of 160 and v.
16
Let m(s) = s**2 + 2*s - 4. Let d be m(6). Suppose 5 + d = 7*t. Suppose 21 = 7*y - 4*y. What is the highest common divisor of t and y?
7
Let k = -234 + 345. Let h = k + -231. Let w = -48 - h. What is the greatest common divisor of w and 6?
6
Let m be (-2)/16 - (-5 - 45/40). Let t be (100/12)/(1/m). Calculate the greatest common divisor of 20 and t.
10
Let s be (-8)/44 + 48/22. Let y be (-42)/((s/4)/(140/(-30))). Calculate the highest common divisor of 28 and y.
28
Let l be ((-378)/8)/(-3)*8. Let u = 35 - 7. Suppose 18*y - 20*y + u = 0. What is the greatest common factor of l and y?
14
Suppose 4*s + 16 = 0, 5*s + 221 = 5*y - 1404. Calculate the greatest common factor of y and 2675.
107
Let u(k) = -k + 25. Let n be u(22). Suppose o + 4*s + n = 35, -5*s = 0. Let v be (12/8)/(3/o). What is the highest common divisor of v and 176?
16
Let v(m) = -m**3 + 13*m**2 + 19*m - 25. Let n = -40 - -54. Let l be v(n). Suppose -105*k = -110*k + l. What is the highest common divisor of 6 and k?
3
Let t(o) = -202*o - 1270. Let w be t(-14). Suppose 2*n + 3*a - 162 = -10, -94 = -n + 3*a. Calculate the greatest common divisor of w and n.
82
Suppose 19*z - 23*z + 4 = 0. Let c(f) = 18*f**2 + 2. Let x be c(z). Calculate the greatest common factor of 1180 and x.
20
Let k(w) = w**3 - 6*w**2 - 13*w - 7. Let y be k(8). Suppose -31*n = -29*n - 172. Let h = 154 - n. Calculate the highest common divisor of h and y.
17
Let y(v) be the first derivative of 2 - 27*v + 13/2*v**2. Let w be y(8). Calculate the highest common factor of 22 and w.
11
Suppose 154*s - 152*s + 3948 = 5*t, 4*s = 5*t - 3936. What is the greatest common divisor of 360 and t?
72
Let z = -4904 - -4911. What is the greatest common divisor of z and 1715?
7
Let j = 21 + -29. Let n = j - -20. Suppose -2*o = -o + 5*l - 6, -l - n = -o. Calculate the greatest common factor of o and 11.
11
Let o be ((-327)/(-4))/(-1*((-181232)/9536 + 19)). Calculate the greatest common divisor of o and 109.
109
Let a = 523 - 477. Calculate the highest common divisor of a and 1334.
46
Suppose 3*n + 540 = 6*n + 3*q, 4*q = 4*n - 736. What is the greatest common factor of 476 and n?
14
Let l be ((-12)/(-8)*-2)/(-1). Suppose 0 = 11*n + 3*n + 994. Let i = n - -75. Calculate the highest common factor of l and i.
1
Let q(m) = m**2 + m - 7. Let t be q(-9). Let r = t - -7. Let n be (-9)/(3/48*-3). What is the highest common divisor of r and n?
24
Let i be 2 + 62*2/4. Suppose 59*u - 4*w = 63*u - 472, 5*w = 5*u - 640. Let p = u + i. What is the greatest common factor of p and 12?
12
Let a(r) = 5*r**3 - r**2 - 7*r + 11. Let y = 160 + -158. Let p be a(y). Let o be 3*(-4)/((-36)/33). What is the greatest common factor of p and o?
11
Let h(f) = -2*f**2 - 32*f + 5. Let v be h(-16). Suppose -125 = -11*s + 6*s. Let i be -1*s*(4 - v). What is the highest common divisor of i and 25?
25
Suppose -7 = -2*n + 4*u - 3, -u = 3*n - 6. Suppose -456 = -n*o + 94. What is the highest common factor of 11 and o?
11
Suppose 2*i - s + 1127 = 7*i, 0 = -3*s + 6. Let n = 295 - i. What is the highest common factor of n and 1190?
70
Let l = 16091 - 16082. Let v be (2 - 7/3)*-519. Let g = -101 + v. Calculate the highest common divisor of l and g.
9
Let f be ((-2)/7)/((-22)/308). Suppose -f*v = -4*h - 1388, -v - h = 2*v - 1053. Calculate the highest common factor of v and 28.
14
Suppose -2*b - 590 = 8*b. Let h = b - -62. Calculate the greatest common divisor of h and 2.
1
Let n = 39004 + -30658. What is the highest common divisor of n and 156?
78
Suppose 68*h = 27*h + 246. Suppose 365 = -7*v + 2*v. Let g be v/(-6) - 3/18. Calculate the highest common factor of g and h.
6
Let m = 210 + -218. Let d be (-11)/66 + 611/(-6). Let c be (d/m)/((-66)/(-176)). What is the highest common divisor of 17 and c?
17
Let r = -126 + 181. Let w(m) be the third derivative of m**5/6 - m**4/24 + 19*m**3/6 - 16*m**2. Let b be w(-6). What is the greatest common factor of b and r?
55
Let l be (832/5720*-44)/((-6)/(-10) - 1). Suppose 32 = -2*r + 3*r. Calculate the greatest common factor of r and l.
16
Let g(d) = 47*d - 22. Let c be (-4)/6 - ((-130)/15 + 4). Let q be -2 + 6 + (-1 - (-7 + c)). Let i be g(q). What is the greatest common factor of 52 and i?
52
Let k be 12883/7 - 6*((-1456)/(-147) - 10). Calculate the greatest common factor of 28 and k.
7
Suppose -41 = -1556*n + 1515*n. What is the highest common divisor of n and 349?
1
Suppose 58*x - 59*x + 4